uppose 434 = h*j + u, -j + 216 = j + u. Is j a prime number?
True
Let w(b) be the first derivative of 8*b**3/3 + 3*b**2/2 + 2*b - 3. Is w(5) a composite number?
True
Suppose 4*t + 3 - 4 = 3*v, 2*t = -3*v + 23. Let h be ((-11)/t)/((-1)/(-8)). Let q = -3 - h. Is q a composite number?
False
Suppose -5578 = 2*c - 4*c. Is c a prime number?
True
Let x = -140 + 198. Suppose -o = 5*y + 35, 3*y - y + 14 = 3*o. Let w = x + y. Is w prime?
False
Let a = -265 - -507. Suppose -4*y + 3*k - k + a = 0, 9 = -3*k. Is y a composite number?
False
Let h be (-9)/(-12) - 15/(-12). Is ((-4)/(-12))/(h/402) prime?
True
Suppose -15*t = -17*t + 518. Is t prime?
False
Let t be (0 + 2)*(-6 - -7). Let p(u) = 2*u**3 - 6*u**2 + u - 4. Let n be p(4). Suppose -4*b + t*o = -56, -n = -2*b - 2*o + 5*o. Is b composite?
False
Suppose -4*c = 20, 0 = -3*u - c + 6*c + 34. Suppose q - 16 + 0 = -s, 0 = -u*s - 9. Is q a composite number?
False
Suppose 0 = b + 23 - 76. Suppose d = -0*d + b. Is d composite?
False
Let k(i) = -i**2 + 20*i + 19. Is k(16) prime?
True
Is (-2 - 0)/((-4)/582) a prime number?
False
Let x be (-283)/(2 - (0 + 3)). Let p = x + 40. Is p composite?
True
Let x be 0/(-2 + 5) - 3. Let d = x + -51. Let j = -1 - d. Is j a composite number?
False
Let o = -314 - -607. Is o a composite number?
False
Let h be (-16)/(((-16)/(-10))/(-4)). Suppose t = -3*t + h. Is t a prime number?
False
Let w = -7 + 2. Is -2252*((-15)/(-12))/w composite?
False
Suppose -2*u - 2*g + 1 - 3 = 0, 0 = -2*u - 4*g - 6. Is (66/(-18))/(u/(-9)) prime?
False
Let p(i) = 2*i**2 - 14*i + 11. Let v(w) = 0 - 2*w**2 + 16*w - w - 12. Let q(f) = 5*p(f) + 4*v(f). Is q(7) prime?
False
Let f = -3 - -11. Suppose -6*m + 2*m + f = 0. Suppose 255 = 7*k - m*k. Is k a prime number?
False
Let h(u) = 18*u**2 + 7*u - 4. Let i be h(5). Let c = -228 + i. Is c a prime number?
False
Let p be 126 - ((-2 - -3) + 1). Let r = 33 + p. Is r a prime number?
True
Suppose 0 = -3*x + 523 + 830. Is x a prime number?
False
Let p = 619 + 136. Is p a composite number?
True
Suppose -2*n - 5*q - 18 = -0*n, -4*n = -2*q + 12. Let k(a) = 0*a - 1 + 4*a + 3*a**2 + 4*a - 5*a. Is k(n) prime?
False
Suppose 4*z + 2736 = 4*u, -133 = 2*u + 3*z - 1506. Is u a composite number?
True
Let m(g) = g**2 - 24*g - 24. Is m(-25) prime?
True
Let k(c) = 10*c - 3. Let j be k(3). Suppose 2*z - 5*q = 62 + 19, 5*z - 150 = -5*q. Suppose -4*n + z = -j. Is n a prime number?
False
Suppose 0 = 2*w + w - 249. Is w a composite number?
False
Suppose 5*t + 2 = -3*l, -t - l + 4 - 6 = 0. Suppose -t*v + 444 = 3*o - v, o + 3*v - 140 = 0. Is o prime?
True
Let b = 301 + -156. Is b a prime number?
False
Let o(s) = 3*s**2 + 3*s - 11. Is o(-8) a prime number?
True
Is (6/(-4))/(17/(-11798)) composite?
True
Is (-28610)/(-30) + 1*(-6)/9 a prime number?
True
Suppose m = -5*r + 4*m + 27, 5*m = -2*r - 14. Let n be (2 - -2 - 0) + 0. Is n/(4/42*r) a prime number?
False
Let w(q) = 3*q**2 - 7*q + 3. Is w(-10) prime?
True
Let t = -60 - -187. Is t a prime number?
True
Let i be 7/(-21) - (-14)/6. Suppose 0 = i*m - m - 5*l - 65, -4*m = -l - 336. Is m composite?
True
Let b = -3 - -11. Suppose -955 = 3*q - b*q. Is q a prime number?
True
Let q(u) = 2*u**3 - 9*u**2 + 6*u - 6. Let p be q(6). Suppose -5*l = -p - 37. Is l a prime number?
False
Suppose 4*o - 28 = -2*s, -s + 4*o + 14 = -0. Let j(c) = 8*c**2 - 1. Let l be j(-1). Is s/49 - (-215)/l a prime number?
True
Let y be ((-30)/(-8))/((-5)/40). Let o = 53 + y. Is o a prime number?
True
Let z be 2/(-5) + 4701/15. Let s = z + -210. Is s a composite number?
False
Let r(m) = 9*m - 5. Let k = 5 + -1. Is r(k) prime?
True
Let d = 98 - 19. Is d a composite number?
False
Let v(d) = -d**2 + 4*d + 1. Let z be v(4). Suppose 4*k - 16 = -a + 5*k, -k = z. Is a a composite number?
True
Let k be (-4688)/(-20) - (-2)/(-5). Suppose -3*o + 4*z + k = 0, 5*z - 179 - 176 = -5*o. Is o prime?
False
Let p = 80 + -42. Is p prime?
False
Suppose 5*r - 515 - 740 = 0. Is r a composite number?
False
Let c(w) = w**2 - 5*w - 4. Let f be c(7). Let x be (2/(-4))/((-1)/f). Suppose -x*n - 2*i + 319 = 0, -i - 269 = -4*n + 2*i. Is n a prime number?
False
Let o = -20 - -22. Suppose q - w - 705 = 0, 1207 + 215 = o*q + w. Is q prime?
True
Let m be 8460/35 - (-2)/7. Suppose 173 = 5*d - m. Is d a composite number?
False
Is -3 - (-172)/60 - (-22744)/30 a composite number?
True
Suppose 0*c - 10 = -5*c. Suppose 99 = v - 2*s, v - 3*v + c*s = -202. Suppose 2*a + 3*b = v, -3*b = -1 + 16. Is a prime?
True
Let i be (1 - -1) + (148 - 6). Suppose -2*c + 3*c = t + i, -2*t = 5*c - 755. Is c a composite number?
False
Suppose 4*d - 2351 = -4*v + 1329, 2*v = 5*d - 4621. Is d prime?
False
Let b = 9 - 4. Suppose -157 = -4*k - 5*t, -3*t = -b*k + 186 + 38. Is k a prime number?
True
Let x(f) = f**2 + f - 103. Let a be x(0). Let m = -66 - a. Is m a composite number?
False
Let d = 2682 + -1763. Is d composite?
False
Let d(o) be the third derivative of o**8/3360 + o**7/840 + o**6/720 - o**5/120 - o**4/12 + o**2. Let q(r) be the second derivative of d(r). Is q(3) prime?
True
Suppose -d = 3*g - 2567 - 2839, d = 3*g - 5400. Is g composite?
False
Let t = 4468 + -2523. Is t prime?
False
Let c(m) = -120*m - 1. Is c(-2) a prime number?
True
Let o = 0 - 0. Let f be o/1 - 24/(-2). Is 8/f + 55/3 composite?
False
Suppose g - 2*p + 7 = -6*p, 2*p = -4*g - 56. Let y = g - -26. Is y prime?
True
Suppose 3*a = -z + 429, 4*z - 2*z - 3*a = 867. Suppose -z - 358 = -2*s. Is s a composite number?
True
Let p(i) = -5*i. Let b(k) = -3*k + 3. Let z be b(4). Let o be 47/z + (-2)/(-9). Is p(o) prime?
False
Let y be 7 + 8/(-2) + 2. Suppose -135 = -y*g + 515. Suppose -4*b = -2*o + g, -2*o = -3*b - 2*b - 130. Is o prime?
False
Let z = 9 - 2. Suppose z = g - 6. Is g a prime number?
True
Let v be -2*(-76)/8 - 1. Is 3498/v - (-2)/(-6) a prime number?
False
Is (-6)/4*(68568/9)/(-4) composite?
False
Suppose -4*l = -j - 641, -2*l - 793 = -7*l + 4*j. Is l a composite number?
True
Let l(h) = 4*h**2 + 5*h + 1. Let k be l(-4). Let z = k + 34. Is z a composite number?
False
Is (-1)/1 + (-1)/(4/(-6984)) prime?
False
Let c = -1 + 11. Is (-4)/c + 4791/15 a composite number?
True
Let c be (-17)/(-5) - 26/65. Suppose c*b + 419 = 5*k, -5*k - 3*b + 67 = -364. Is k prime?
False
Let g(h) be the third derivative of 13*h**5/30 + h**2. Let k = 2 - 1. Is g(k) composite?
True
Suppose 7*t = 2*t + 785. Is t prime?
True
Let w(m) = m**3 + 8*m**2 + 4*m - 7. Let l be w(-6). Suppose -z + 38 = -l. Is z a composite number?
False
Let w = 7 + 38. Let y = 10 + w. Is y composite?
True
Let q(r) = r**3 + 17*r**2 - 17*r + 7. Is q(-8) prime?
True
Let y = -4 + -7. Let f = y + 16. Suppose -f*w + 67 = -58. Is w a prime number?
False
Let w = -26 + 17. Let z = w + 55. Is (z/6)/((-1)/(-3)) prime?
True
Let u(g) = 2*g**3 - 11*g**2 - 13*g - 17. Is u(10) a prime number?
False
Let m(h) = -115*h - 2. Is m(-1) a composite number?
False
Let l(q) = -q**2 - 6*q + 10. Let j be l(-8). Let y = 4 - j. Is y prime?
False
Suppose -3*u = 11*u - 5810. Is u a composite number?
True
Let f be 2*58*1/4. Let z = f - 3. Is z prime?
False
Suppose z - 2*i - 8 = 0, 5*z + 4*i + 16 = 2*z. Suppose -3*r + 1 + 8 = z. Suppose 14 + 7 = r*t. Is t prime?
True
Suppose -5*h = -v - 0*v - 5682, -5673 = -5*h + 4*v. Is h prime?
False
Let o be ((-9)/2)/(-9)*26. Let q = o - -13. Is q prime?
False
Let h(n) = -6*n**3 - 18*n**2 + 11*n + 26. Suppose -4*a + 71 = 27. Let z(i) = 2*i**3 + 6*i**2 - 4*i - 9. Let o(c) = a*z(c) + 4*h(c). Is o(-4) a prime number?
True
Suppose u - 36 = -3*u. Let t be (-3)/((-4)/((-24)/u)). Is (-22)/t*(8 + -1) composite?
True
Suppose -3*a - 1 - 4 = -4*j, -3*j = 5*a - 11. Suppose 5*u - 2*t - 158 = -0*u, -j*t = -2*u + 62. Let k = u - -15. Is k a prime number?
True
Let k(r) = 17*r**2 - 3*r + 3. Is k(6) a prime number?
False
Suppose 4*n = 2*x - 342, 2*x + 3*x = 2*n + 887. Is x a composite number?
False
Let x(u) = 29*u**2 - u - 1. Is x(3) a composite number?
False
Let s = 1456 + -957. Is s composite?
False
Suppose 8*b - 2818 = -122. Is b prime?
True
Let b be ((-7)/(-3))/((-13)/(-936)). Suppose 3*o + b = 1605. Is o prime?
True
Suppose 0 = -3*i + 5*k + 5, -3*k + 4 = -2*i - 7*k. Suppose i = -5*y + 74 - 9. Is y prime?
True
Suppose -232 = -2*m + 142. Is m a prime number?
False
Suppose -l + 6*l = 775. Is l composite?
True
Let k be 1/(2/